- 2. Let t be h(5). Suppose -2*k + t = -l. Calculate the greatest common factor of 2 and k.
2
Let t = 6 - 19. Let v be t/((-48)/15 - -3). Let b = 73 + -47. What is the greatest common factor of v and b?
13
Let z(k) = k**2 - 3*k - 7. Let c be z(5). Suppose c*n + 114 = 336. Suppose 2*h - n - 54 = 0. Calculate the highest common factor of 16 and h.
16
Let r = 15 + -12. What is the highest common divisor of r and 33?
3
Suppose v + 0*v - 16 = 0. Calculate the greatest common divisor of 80 and v.
16
Suppose s - 5*l = -l - 17, 8 = -4*l. Let g be 90/s + 2/(-5). Let z be 0 - (g - -2)*4. What is the greatest common factor of z and 40?
8
Let d(n) = n**2 - n. Let t be d(-4). Calculate the greatest common factor of t and 10.
10
Suppose 3*l + 0 = -j - 5, -j - 2*l = 4. Let y = 13 + j. What is the highest common factor of y and 1?
1
Let w be 1*3/(-9)*-21. Calculate the highest common divisor of w and 63.
7
Let c = -93 + 46. Let d = c - -67. Calculate the highest common factor of 10 and d.
10
Suppose -3*f + 36 = -3. Suppose 2*m - 26 = 3*k, -5*k = -5*m + 47 - 7. Let j = 23 + k. Calculate the greatest common factor of f and j.
13
Let l be (3 - 1)/(0 + 1). Suppose 0 = -4*z + 2*c + 16, 2*c = -5*z - 0*c + 20. What is the greatest common factor of z and l?
2
Suppose -g - 4*m + 12 = 0, 4*g - m - 58 = 41. Let x be ((-1)/2)/((-8)/48). What is the highest common divisor of x and g?
3
Suppose -2*t = -5*o + 68, -2*o + 4*t + 64 = 2*o. Suppose 5*q = 3*r + 88, 0*q = q - 2*r - o. Calculate the greatest common factor of q and 4.
4
Suppose -3*b = 2*r - 3 + 2, -5*b = 4*r - 3. Suppose r*u - 48 = -2*u. Calculate the highest common factor of 30 and u.
6
Suppose 43 = -3*j + f - 29, 72 = -3*j + 2*f. Let h = 16 + j. Let k = 28 + h. Calculate the greatest common divisor of k and 30.
10
Let q(g) = g**3 - 5*g**2 + 5*g. Let a be q(5). Let v be ((-60)/(-14))/(3/105). What is the greatest common divisor of a and v?
25
Suppose 0 = -5*l + 5*q + 40, 6 = -2*q - 0*q. What is the greatest common divisor of l and 1?
1
Let j = 90 + -40. Let y be ((-68)/(-6))/((-1)/3). Let k = y + j. What is the greatest common divisor of 40 and k?
8
Let i(c) = c**2 - 4*c + 5. Let j = 9 + -4. Let w be i(j). What is the greatest common divisor of w and 110?
10
Let a(u) = -2*u**3 - 6*u**2 - 7*u + 3. Let k be a(-4). Calculate the highest common divisor of 7 and k.
7
Let l be (-656)/(-22) + (-10)/(-55) - 4. What is the greatest common factor of 78 and l?
26
Let u be (-41)/(-4) + -2 + (-3)/(-4). Calculate the greatest common factor of u and 3.
3
Suppose 0 = -3*m + 2*u + 15, -4*m - 3*u = -2*u - 9. Suppose 0*h - m*h = -15. Let b be (2 - -8)*(-1)/(-1). Calculate the greatest common factor of h and b.
5
Suppose o = 5 - 2, t - 5*o = 28. Let y = -29 + t. Calculate the highest common factor of 21 and y.
7
Let m = 3 - 5. Let b be ((-13)/m)/((-2)/(-4)). Suppose -91 = -q - 0*q. What is the highest common factor of q and b?
13
Suppose -v - 2*k - 3 = 0, 4*v + 3*k - 2 = 2*k. What is the highest common divisor of v and 13?
1
Let j = 4 - -10. Suppose 2*q - 4 - j = 0. What is the highest common divisor of 3 and q?
3
Let n = 16 + -8. Let u be (-15)/(-2) - (-2)/4. Calculate the greatest common divisor of u and n.
8
Let i = -23 + 47. Calculate the greatest common factor of i and 8.
8
Let z be (-33)/(7/((-42)/9)). What is the highest common divisor of z and 154?
22
Let d = 50 - 88. Let c = -14 - d. What is the highest common divisor of c and 36?
12
Let u = -4 + 8. Suppose -4*l + 68 = -u*m, 4*l - 28 = -5*m + m. What is the greatest common factor of 60 and l?
12
Suppose -5*p + 3057 = -2*p. Suppose -p = 4*t - 3379. Let a be t/6 + 4/6. What is the highest common divisor of a and 11?
11
Suppose -4*v + 0*v = -384. What is the highest common divisor of 24 and v?
24
Let l = -6 + 70. Calculate the greatest common factor of 64 and l.
64
Suppose -2*x = -5*y - 0*x + 1342, 3*x - 801 = -3*y. Let a = y - 183. Calculate the greatest common factor of a and 17.
17
Let l = 19 + -7. What is the highest common factor of l and 132?
12
Let t be -12*(2/4 - 2). What is the highest common factor of 27 and t?
9
Let c = -619 - -871. Calculate the highest common factor of 42 and c.
42
Suppose 0 = -3*s + 4*s - 16. Let j be (-1)/((s/(-220))/4). Calculate the highest common factor of j and 5.
5
Let b = -379 - -533. What is the highest common factor of 22 and b?
22
Let c(h) = 2*h**3 - h**2 - 3*h + 1. Let q be c(2). What is the greatest common factor of q and 49?
7
Let b = 279 + -271. Let c(u) = u**3 - 6*u**2 + 3*u - 6. Let g be c(6). Calculate the greatest common factor of b and g.
4
Suppose -3*k + 13 = 4. Let o be ((-24)/(-10))/(4/30). Suppose 5*s = 4*u + k*s - o, 0 = -u + 4*s + 22. Calculate the greatest common factor of 22 and u.
2
Let p = 36 + -24. Calculate the highest common divisor of p and 108.
12
Suppose 0 = -k + 6*k - 400. Suppose 0 = 2*i - 5*i + 12. Suppose 3*z + k = i*z. What is the greatest common divisor of 16 and z?
16
Let x be 17*(8/4 - 3). Let h = 30 + x. Calculate the greatest common divisor of h and 39.
13
Suppose -3*o = -0*o - 258. What is the greatest common factor of o and 43?
43
Let y = 39 - 25. Calculate the greatest common factor of y and 126.
14
Let w be 10/8 + 9/12. Suppose 0 + 4 = w*d. Let q be d*-2*(-7 + 3). What is the greatest common factor of 80 and q?
16
Suppose -5*k = -u - 7, -5*k + 0*u + 4*u - 2 = 0. Let s be (6/9)/(k/54). Calculate the greatest common divisor of 126 and s.
18
Suppose -m - 44 + 52 = 0. What is the highest common factor of 2 and m?
2
Suppose x + o = -3*x + 12, 12 = 2*x + 2*o. What is the greatest common divisor of 4 and x?
2
Suppose 2*m = -z - 3, 2*z + 3*m = -0*m - 5. Let l = z + 20. Suppose 0 = v + 3*v + 20, -l = -2*n - v. What is the highest common divisor of n and 3?
3
Let w(c) = c - 4. Let q be w(5). Suppose -2*t = -7 + q. Suppose 0 = t*n - n - 40. What is the highest common factor of n and 4?
4
Let i = 2 - 1. Let p(l) be the first derivative of 17*l**2/2 - l - 2. Let g be p(i). What is the highest common factor of 2 and g?
2
Let x(b) be the first derivative of b**4/4 - 2*b**3 - 3*b**2 - 3*b + 2. Let h be x(7). What is the greatest common divisor of h and 4?
4
Let o(p) = -4*p**2 - 5*p + 2*p**3 + 7*p - 4 + 3*p. Let m be o(3). Suppose -m - 52 = -k. What is the greatest common divisor of 9 and k?
9
Suppose -w + 15 = 2*p + 2*w, -42 = -5*p - 3*w. Calculate the greatest common factor of p and 63.
9
Let i = 3 - -2. Suppose -q = 2*j + 31, i*q = 2*j + 2*q + 11. Let c = j + 21. What is the greatest common factor of c and 40?
8
Suppose 0 = 5*o, 0*o + 36 = 3*g + 2*o. Suppose -2*i - 1 = -17. What is the greatest common factor of i and g?
4
Suppose 0 = -3*q + 2*m - 6 - 15, 3*q + 9 = -2*m. Let i = q + 9. Let d = 9 - 5. Calculate the greatest common divisor of d and i.
4
Suppose 3*q - 6 = 3*r, 20 = 3*q + 4*r - 0. Suppose -m - 3*m = 3*j - 40, -j + 5*m - 12 = 0. Calculate the highest common factor of j and q.
4
Let x(o) = -12*o - 125. Let m be x(-20). Calculate the greatest common divisor of 46 and m.
23
Let v be (13 - 43)*(-2)/6. Calculate the greatest common factor of 40 and v.
10
Let d(j) be the first derivative of -j**4/4 + 4*j**3/3 + j**2/2 - 2*j - 2. Let o be d(4). Calculate the greatest common factor of o and 4.
2
Let g(h) = -2*h. Let l be g(-1). Let u(m) = -m**3 + 6*m**2 + 9*m - 6. Let k be (-2)/(-4)*(14 - 0). Let f be u(k). What is the greatest common factor of f and l?
2
Let c = -161 - -238. Let s = -7 - -10. Let v be s/(-18) + (-43)/(-6). Calculate the highest common factor of c and v.
7
Let y(w) = -w**2 + 5*w - 2. Let b be y(3). Suppose b*a - 4*i - 7 = 13, -1 = -5*a - i. Calculate the greatest common divisor of 3 and a.
1
Let x(t) = t + 35. Let p be x(4). Calculate the greatest common divisor of p and 39.
39
Let p be 9 + (-4 - (-2 - -1)). Let d = -51 + 23. Let c be d/4*60/(-14). What is the greatest common divisor of c and p?
6
Suppose -2*m - 14 = 2. Let x be m*(3/3 + -2). Let j = 10 - x. What is the highest common factor of j and 22?
2
Suppose -5*w + 39 = o, -14 = -5*w + 5*o + 1. Let z = 7 - 5. Let t be 1/(-2)*(-56)/z. Calculate the greatest common divisor of w and t.
7
Let m = -49 - -34. Let i be (m/(-6))/(3/72). What is the greatest common factor of i and 12?
12
Suppose 4*y - y = 3. Suppose 3 + y = 4*d. Suppose 4*j -